{"id":335,"date":"2021-10-04T11:44:34","date_gmt":"2021-10-04T09:44:34","guid":{"rendered":"https:\/\/fvpuettlingen.de\/?page_id=335"},"modified":"2021-10-04T12:42:00","modified_gmt":"2021-10-04T10:42:00","slug":"sportanlage","status":"publish","type":"page","link":"https:\/\/fvpuettlingen.de\/?page_id=335","title":{"rendered":"Sportanlage"},"content":{"rendered":"\n<h1 class=\"has-large-font-size wp-block-heading\">Sportanlage<\/h1>\n\n\n\n<p>Unsere Sportanlage bietet 3 Spielfelder, welche regelm\u00e4\u00dfig durch unseren Platzwart und Helfer gewartet und gepflegt werden, sodass der Spielbetrieb zu jeder Jahreszeit ohne Probleme durchgef\u00fchrt werden kann.<\/p>\n\n\n\n<p><\/p>\n\n\n\n<p class=\"has-medium-font-size\"><strong>Gro\u00dfspielfeld &#8211; Rasenplatz<\/strong><\/p>\n\n\n\n<p>Ein Rasenplatz fordert viel Arbeit und Geduld der Verantwortlichen ein. Das Spielgef\u00fchl ist dennoch nicht zu vergleichen mit den anderen Alternativen. Im letzten Jahr haben wir gro\u00dfe Investitionen get\u00e4tigt, damit unser Rasenspielfeld wieder die gew\u00fcnschte Qualit\u00e4t aufzeigen kann &#8211; Das Ergebnis kann sich sehen lassen, dennoch sind wir im st\u00e4ndigen Austausch mit unseren externen Beratern und Ansprechpartnern, um den Platz auf den bestm\u00f6glichen Zustand zu optimieren.<\/p>\n\n\n\n<figure class=\"wp-block-gallery columns-3 is-cropped wp-block-gallery-1 is-layout-flex wp-block-gallery-is-layout-flex\"><ul class=\"blocks-gallery-grid\"><li class=\"blocks-gallery-item\"><figure><img loading=\"lazy\" decoding=\"async\" width=\"1024\" height=\"576\" src=\"https:\/\/fvpuettlingen.de\/wp-content\/uploads\/2021\/10\/DSC01504-1024x576.jpg\" alt=\"\" data-id=\"336\" data-full-url=\"https:\/\/fvpuettlingen.de\/wp-content\/uploads\/2021\/10\/DSC01504-scaled.jpg\" data-link=\"https:\/\/fvpuettlingen.de\/?attachment_id=336\" class=\"wp-image-336\" srcset=\"https:\/\/fvpuettlingen.de\/wp-content\/uploads\/2021\/10\/DSC01504-1024x576.jpg 1024w, https:\/\/fvpuettlingen.de\/wp-content\/uploads\/2021\/10\/DSC01504-300x169.jpg 300w, https:\/\/fvpuettlingen.de\/wp-content\/uploads\/2021\/10\/DSC01504-768x432.jpg 768w, https:\/\/fvpuettlingen.de\/wp-content\/uploads\/2021\/10\/DSC01504-1536x864.jpg 1536w, https:\/\/fvpuettlingen.de\/wp-content\/uploads\/2021\/10\/DSC01504-2048x1152.jpg 2048w, https:\/\/fvpuettlingen.de\/wp-content\/uploads\/2021\/10\/DSC01504-1280x720.jpg 1280w\" sizes=\"auto, (max-width: 1024px) 100vw, 1024px\" \/><\/figure><\/li><li class=\"blocks-gallery-item\"><figure><img loading=\"lazy\" decoding=\"async\" width=\"1024\" height=\"576\" src=\"https:\/\/fvpuettlingen.de\/wp-content\/uploads\/2021\/10\/DSC01516-1024x576.jpg\" alt=\"\" data-id=\"337\" data-full-url=\"https:\/\/fvpuettlingen.de\/wp-content\/uploads\/2021\/10\/DSC01516-scaled.jpg\" data-link=\"https:\/\/fvpuettlingen.de\/?attachment_id=337\" class=\"wp-image-337\" srcset=\"https:\/\/fvpuettlingen.de\/wp-content\/uploads\/2021\/10\/DSC01516-1024x576.jpg 1024w, https:\/\/fvpuettlingen.de\/wp-content\/uploads\/2021\/10\/DSC01516-300x169.jpg 300w, https:\/\/fvpuettlingen.de\/wp-content\/uploads\/2021\/10\/DSC01516-768x432.jpg 768w, https:\/\/fvpuettlingen.de\/wp-content\/uploads\/2021\/10\/DSC01516-1536x864.jpg 1536w, https:\/\/fvpuettlingen.de\/wp-content\/uploads\/2021\/10\/DSC01516-2048x1152.jpg 2048w, https:\/\/fvpuettlingen.de\/wp-content\/uploads\/2021\/10\/DSC01516-1280x720.jpg 1280w\" sizes=\"auto, (max-width: 1024px) 100vw, 1024px\" \/><\/figure><\/li><li class=\"blocks-gallery-item\"><figure><img loading=\"lazy\" decoding=\"async\" width=\"1024\" height=\"576\" src=\"https:\/\/fvpuettlingen.de\/wp-content\/uploads\/2021\/10\/DSC01517-1024x576.jpg\" alt=\"\" data-id=\"338\" data-full-url=\"https:\/\/fvpuettlingen.de\/wp-content\/uploads\/2021\/10\/DSC01517-scaled.jpg\" data-link=\"https:\/\/fvpuettlingen.de\/?attachment_id=338\" class=\"wp-image-338\" srcset=\"https:\/\/fvpuettlingen.de\/wp-content\/uploads\/2021\/10\/DSC01517-1024x576.jpg 1024w, https:\/\/fvpuettlingen.de\/wp-content\/uploads\/2021\/10\/DSC01517-300x169.jpg 300w, https:\/\/fvpuettlingen.de\/wp-content\/uploads\/2021\/10\/DSC01517-768x432.jpg 768w, https:\/\/fvpuettlingen.de\/wp-content\/uploads\/2021\/10\/DSC01517-1536x864.jpg 1536w, https:\/\/fvpuettlingen.de\/wp-content\/uploads\/2021\/10\/DSC01517-2048x1152.jpg 2048w, https:\/\/fvpuettlingen.de\/wp-content\/uploads\/2021\/10\/DSC01517-1280x720.jpg 1280w\" sizes=\"auto, (max-width: 1024px) 100vw, 1024px\" \/><\/figure><\/li><li class=\"blocks-gallery-item\"><figure><img loading=\"lazy\" decoding=\"async\" width=\"1024\" height=\"576\" src=\"https:\/\/fvpuettlingen.de\/wp-content\/uploads\/2021\/10\/DSC01522-1024x576.jpg\" alt=\"\" data-id=\"339\" data-full-url=\"https:\/\/fvpuettlingen.de\/wp-content\/uploads\/2021\/10\/DSC01522-scaled.jpg\" data-link=\"https:\/\/fvpuettlingen.de\/?attachment_id=339\" class=\"wp-image-339\" srcset=\"https:\/\/fvpuettlingen.de\/wp-content\/uploads\/2021\/10\/DSC01522-1024x576.jpg 1024w, https:\/\/fvpuettlingen.de\/wp-content\/uploads\/2021\/10\/DSC01522-300x169.jpg 300w, https:\/\/fvpuettlingen.de\/wp-content\/uploads\/2021\/10\/DSC01522-768x432.jpg 768w, https:\/\/fvpuettlingen.de\/wp-content\/uploads\/2021\/10\/DSC01522-1536x864.jpg 1536w, https:\/\/fvpuettlingen.de\/wp-content\/uploads\/2021\/10\/DSC01522-2048x1152.jpg 2048w, https:\/\/fvpuettlingen.de\/wp-content\/uploads\/2021\/10\/DSC01522-1280x720.jpg 1280w\" sizes=\"auto, (max-width: 1024px) 100vw, 1024px\" \/><\/figure><\/li><li class=\"blocks-gallery-item\"><figure><img loading=\"lazy\" decoding=\"async\" width=\"1024\" height=\"576\" src=\"https:\/\/fvpuettlingen.de\/wp-content\/uploads\/2021\/10\/DSC01528-1024x576.jpg\" alt=\"\" data-id=\"340\" data-full-url=\"https:\/\/fvpuettlingen.de\/wp-content\/uploads\/2021\/10\/DSC01528-scaled.jpg\" data-link=\"https:\/\/fvpuettlingen.de\/?attachment_id=340\" class=\"wp-image-340\" srcset=\"https:\/\/fvpuettlingen.de\/wp-content\/uploads\/2021\/10\/DSC01528-1024x576.jpg 1024w, https:\/\/fvpuettlingen.de\/wp-content\/uploads\/2021\/10\/DSC01528-300x169.jpg 300w, https:\/\/fvpuettlingen.de\/wp-content\/uploads\/2021\/10\/DSC01528-768x432.jpg 768w, https:\/\/fvpuettlingen.de\/wp-content\/uploads\/2021\/10\/DSC01528-1536x864.jpg 1536w, https:\/\/fvpuettlingen.de\/wp-content\/uploads\/2021\/10\/DSC01528-2048x1152.jpg 2048w, https:\/\/fvpuettlingen.de\/wp-content\/uploads\/2021\/10\/DSC01528-1280x720.jpg 1280w\" sizes=\"auto, (max-width: 1024px) 100vw, 1024px\" \/><\/figure><\/li><li class=\"blocks-gallery-item\"><figure><img loading=\"lazy\" decoding=\"async\" width=\"1024\" height=\"576\" src=\"https:\/\/fvpuettlingen.de\/wp-content\/uploads\/2021\/10\/DSC01531-1024x576.jpg\" alt=\"\" data-id=\"341\" data-full-url=\"https:\/\/fvpuettlingen.de\/wp-content\/uploads\/2021\/10\/DSC01531-scaled.jpg\" data-link=\"https:\/\/fvpuettlingen.de\/?attachment_id=341\" class=\"wp-image-341\" srcset=\"https:\/\/fvpuettlingen.de\/wp-content\/uploads\/2021\/10\/DSC01531-1024x576.jpg 1024w, https:\/\/fvpuettlingen.de\/wp-content\/uploads\/2021\/10\/DSC01531-300x169.jpg 300w, https:\/\/fvpuettlingen.de\/wp-content\/uploads\/2021\/10\/DSC01531-768x432.jpg 768w, https:\/\/fvpuettlingen.de\/wp-content\/uploads\/2021\/10\/DSC01531-1536x864.jpg 1536w, https:\/\/fvpuettlingen.de\/wp-content\/uploads\/2021\/10\/DSC01531-2048x1152.jpg 2048w, https:\/\/fvpuettlingen.de\/wp-content\/uploads\/2021\/10\/DSC01531-1280x720.jpg 1280w\" sizes=\"auto, (max-width: 1024px) 100vw, 1024px\" \/><\/figure><\/li><li class=\"blocks-gallery-item\"><figure><img loading=\"lazy\" decoding=\"async\" width=\"1024\" height=\"576\" src=\"https:\/\/fvpuettlingen.de\/wp-content\/uploads\/2021\/10\/DSC01543-1024x576.jpg\" alt=\"\" data-id=\"342\" data-full-url=\"https:\/\/fvpuettlingen.de\/wp-content\/uploads\/2021\/10\/DSC01543-scaled.jpg\" data-link=\"https:\/\/fvpuettlingen.de\/?attachment_id=342\" class=\"wp-image-342\" srcset=\"https:\/\/fvpuettlingen.de\/wp-content\/uploads\/2021\/10\/DSC01543-1024x576.jpg 1024w, https:\/\/fvpuettlingen.de\/wp-content\/uploads\/2021\/10\/DSC01543-300x169.jpg 300w, https:\/\/fvpuettlingen.de\/wp-content\/uploads\/2021\/10\/DSC01543-768x432.jpg 768w, https:\/\/fvpuettlingen.de\/wp-content\/uploads\/2021\/10\/DSC01543-1536x864.jpg 1536w, https:\/\/fvpuettlingen.de\/wp-content\/uploads\/2021\/10\/DSC01543-2048x1152.jpg 2048w, https:\/\/fvpuettlingen.de\/wp-content\/uploads\/2021\/10\/DSC01543-1280x720.jpg 1280w\" sizes=\"auto, (max-width: 1024px) 100vw, 1024px\" \/><\/figure><\/li><\/ul><\/figure>\n\n\n\n<p class=\"has-medium-font-size\"><strong>Gro\u00dfspielfeld &#8211; Hartplatz<\/strong><\/p>\n\n\n\n<p>In den Wintermonaten weichen unsere aktiven Mannschaften auf den Hartplatz um, damit der Hauptplatz regeneriert und nicht durch fast t\u00e4gliche Benutzung Qualit\u00e4t einb\u00fc\u00dfen muss. Auch bei unserem Ascheplatz ist die regelm\u00e4\u00dfige Pflege Grundvoraussetzung f\u00fcr die Inbetriebnahme w\u00e4hrend der Trainingseinheiten und den Heimspieltagen.<\/p>\n\n\n\n<figure class=\"wp-block-gallery columns-2 is-cropped wp-block-gallery-2 is-layout-flex wp-block-gallery-is-layout-flex\"><ul class=\"blocks-gallery-grid\"><li class=\"blocks-gallery-item\"><figure><img loading=\"lazy\" decoding=\"async\" width=\"1024\" height=\"576\" src=\"https:\/\/fvpuettlingen.de\/wp-content\/uploads\/2021\/10\/DSC01524-1024x576.jpg\" alt=\"\" data-id=\"343\" data-full-url=\"https:\/\/fvpuettlingen.de\/wp-content\/uploads\/2021\/10\/DSC01524-scaled.jpg\" data-link=\"https:\/\/fvpuettlingen.de\/?attachment_id=343\" class=\"wp-image-343\" srcset=\"https:\/\/fvpuettlingen.de\/wp-content\/uploads\/2021\/10\/DSC01524-1024x576.jpg 1024w, https:\/\/fvpuettlingen.de\/wp-content\/uploads\/2021\/10\/DSC01524-300x169.jpg 300w, https:\/\/fvpuettlingen.de\/wp-content\/uploads\/2021\/10\/DSC01524-768x432.jpg 768w, https:\/\/fvpuettlingen.de\/wp-content\/uploads\/2021\/10\/DSC01524-1536x864.jpg 1536w, https:\/\/fvpuettlingen.de\/wp-content\/uploads\/2021\/10\/DSC01524-2048x1152.jpg 2048w, https:\/\/fvpuettlingen.de\/wp-content\/uploads\/2021\/10\/DSC01524-1280x720.jpg 1280w\" sizes=\"auto, (max-width: 1024px) 100vw, 1024px\" \/><\/figure><\/li><li class=\"blocks-gallery-item\"><figure><img loading=\"lazy\" decoding=\"async\" width=\"1024\" height=\"576\" src=\"https:\/\/fvpuettlingen.de\/wp-content\/uploads\/2021\/10\/DSC01525-1024x576.jpg\" alt=\"\" data-id=\"344\" data-full-url=\"https:\/\/fvpuettlingen.de\/wp-content\/uploads\/2021\/10\/DSC01525-scaled.jpg\" data-link=\"https:\/\/fvpuettlingen.de\/?attachment_id=344\" class=\"wp-image-344\" srcset=\"https:\/\/fvpuettlingen.de\/wp-content\/uploads\/2021\/10\/DSC01525-1024x576.jpg 1024w, https:\/\/fvpuettlingen.de\/wp-content\/uploads\/2021\/10\/DSC01525-300x169.jpg 300w, https:\/\/fvpuettlingen.de\/wp-content\/uploads\/2021\/10\/DSC01525-768x432.jpg 768w, https:\/\/fvpuettlingen.de\/wp-content\/uploads\/2021\/10\/DSC01525-1536x864.jpg 1536w, https:\/\/fvpuettlingen.de\/wp-content\/uploads\/2021\/10\/DSC01525-2048x1152.jpg 2048w, https:\/\/fvpuettlingen.de\/wp-content\/uploads\/2021\/10\/DSC01525-1280x720.jpg 1280w\" sizes=\"auto, (max-width: 1024px) 100vw, 1024px\" \/><\/figure><\/li><\/ul><\/figure>\n\n\n\n<p class=\"has-medium-font-size\"><strong>Kleinspielfeld &#8211; Rasenplatz<\/strong><\/p>\n\n\n\n<p>Unser Kleinspielfeld bietet unserer Jugendabteilung die ideale M\u00f6glichkeit das Trainings- und Spielerlebnis auch auf einem Rasenplatz erfahren zu k\u00f6nnen. Das steht f\u00fcr uns weit oben auf der Liste der Jugendarbeit, die Bespielung auf dem Hauptrasenplatz ist eher selten m\u00f6glich, denn dieser sollte nicht \u00fcberlastet werden. Das Kleinspielfeld wird ebenfalls durchgehend gepflegt, gerade in den letzten Wochen und Monaten wurde viel Kraft und M\u00fche in das Feld investiert. Weitere Informationen bez\u00fcglich Jugendabteilung und -training findet ihr im separaten Beitrag zur Jugend des FVP. <\/p>\n\n\n\n<figure class=\"wp-block-gallery columns-2 is-cropped wp-block-gallery-3 is-layout-flex wp-block-gallery-is-layout-flex\"><ul class=\"blocks-gallery-grid\"><li class=\"blocks-gallery-item\"><figure><img loading=\"lazy\" decoding=\"async\" width=\"1024\" height=\"576\" src=\"https:\/\/fvpuettlingen.de\/wp-content\/uploads\/2021\/10\/DSC01534-1024x576.jpg\" alt=\"\" data-id=\"345\" data-full-url=\"https:\/\/fvpuettlingen.de\/wp-content\/uploads\/2021\/10\/DSC01534-scaled.jpg\" data-link=\"https:\/\/fvpuettlingen.de\/?attachment_id=345\" class=\"wp-image-345\" srcset=\"https:\/\/fvpuettlingen.de\/wp-content\/uploads\/2021\/10\/DSC01534-1024x576.jpg 1024w, https:\/\/fvpuettlingen.de\/wp-content\/uploads\/2021\/10\/DSC01534-300x169.jpg 300w, https:\/\/fvpuettlingen.de\/wp-content\/uploads\/2021\/10\/DSC01534-768x432.jpg 768w, https:\/\/fvpuettlingen.de\/wp-content\/uploads\/2021\/10\/DSC01534-1536x864.jpg 1536w, https:\/\/fvpuettlingen.de\/wp-content\/uploads\/2021\/10\/DSC01534-2048x1152.jpg 2048w, https:\/\/fvpuettlingen.de\/wp-content\/uploads\/2021\/10\/DSC01534-1280x720.jpg 1280w\" sizes=\"auto, (max-width: 1024px) 100vw, 1024px\" \/><\/figure><\/li><li class=\"blocks-gallery-item\"><figure><img loading=\"lazy\" decoding=\"async\" width=\"1024\" height=\"576\" src=\"https:\/\/fvpuettlingen.de\/wp-content\/uploads\/2021\/10\/DSC01537-1024x576.jpg\" alt=\"\" data-id=\"346\" data-full-url=\"https:\/\/fvpuettlingen.de\/wp-content\/uploads\/2021\/10\/DSC01537-scaled.jpg\" data-link=\"https:\/\/fvpuettlingen.de\/?attachment_id=346\" class=\"wp-image-346\" srcset=\"https:\/\/fvpuettlingen.de\/wp-content\/uploads\/2021\/10\/DSC01537-1024x576.jpg 1024w, https:\/\/fvpuettlingen.de\/wp-content\/uploads\/2021\/10\/DSC01537-300x169.jpg 300w, https:\/\/fvpuettlingen.de\/wp-content\/uploads\/2021\/10\/DSC01537-768x432.jpg 768w, https:\/\/fvpuettlingen.de\/wp-content\/uploads\/2021\/10\/DSC01537-1536x864.jpg 1536w, https:\/\/fvpuettlingen.de\/wp-content\/uploads\/2021\/10\/DSC01537-2048x1152.jpg 2048w, https:\/\/fvpuettlingen.de\/wp-content\/uploads\/2021\/10\/DSC01537-1280x720.jpg 1280w\" sizes=\"auto, (max-width: 1024px) 100vw, 1024px\" \/><\/figure><\/li><\/ul><\/figure>\n\n\n\n<p class=\"has-medium-font-size\"><strong>Der neue Kabinentrakt <\/strong><\/p>\n\n\n\n<p>Nach langer Planung konnten wir 2016 unseren neuen Kabinen einweihen. Die modernen Umkleide- und Duschr\u00e4ume k\u00f6nnen sich sehen lassen und l\u00f6sten unseren alten Kabinentrakt ab. Dieser befindet sich aktuell im kompletten Umbau, es werden Lager- und Materialr\u00e4ume sowie neue R\u00e4umlichkeiten f\u00fcr unsere Physiotherapeuten\/-innen. Wir halten euch diesbez\u00fcglich auf dem Laufenden.<\/p>\n\n\n\n<figure class=\"wp-block-image size-large\"><img loading=\"lazy\" decoding=\"async\" width=\"1024\" height=\"576\" src=\"https:\/\/fvpuettlingen.de\/wp-content\/uploads\/2021\/10\/DSC01521-1024x576.jpg\" alt=\"\" class=\"wp-image-347\" srcset=\"https:\/\/fvpuettlingen.de\/wp-content\/uploads\/2021\/10\/DSC01521-1024x576.jpg 1024w, https:\/\/fvpuettlingen.de\/wp-content\/uploads\/2021\/10\/DSC01521-300x169.jpg 300w, https:\/\/fvpuettlingen.de\/wp-content\/uploads\/2021\/10\/DSC01521-768x432.jpg 768w, https:\/\/fvpuettlingen.de\/wp-content\/uploads\/2021\/10\/DSC01521-1536x864.jpg 1536w, https:\/\/fvpuettlingen.de\/wp-content\/uploads\/2021\/10\/DSC01521-2048x1152.jpg 2048w, https:\/\/fvpuettlingen.de\/wp-content\/uploads\/2021\/10\/DSC01521-1280x720.jpg 1280w\" sizes=\"auto, (max-width: 1024px) 100vw, 1024px\" \/><\/figure>\n\n\n\n<p class=\"has-medium-font-size\"><strong>Andy&#8217;s Bruzzelbud<\/strong><\/p>\n\n\n\n<p>Findet der Spielbetrieb auf dem Hartplatz statt, dann siedelt auch unser Clubwirt mit seinem Team um. In Andy&#8217;s Bruzzelbud bekommen die Besucher und Besucherrinnen die M\u00f6glichkeit f\u00fcr Getr\u00e4nke und Gegrilltes, ohne etwas vom Geschehen auf dem Platz zu verpassen.<\/p>\n\n\n\n<figure class=\"wp-block-image size-large\"><img loading=\"lazy\" decoding=\"async\" width=\"1024\" height=\"576\" src=\"https:\/\/fvpuettlingen.de\/wp-content\/uploads\/2021\/10\/DSC01523-1024x576.jpg\" alt=\"\" class=\"wp-image-348\" srcset=\"https:\/\/fvpuettlingen.de\/wp-content\/uploads\/2021\/10\/DSC01523-1024x576.jpg 1024w, https:\/\/fvpuettlingen.de\/wp-content\/uploads\/2021\/10\/DSC01523-300x169.jpg 300w, https:\/\/fvpuettlingen.de\/wp-content\/uploads\/2021\/10\/DSC01523-768x432.jpg 768w, https:\/\/fvpuettlingen.de\/wp-content\/uploads\/2021\/10\/DSC01523-1536x864.jpg 1536w, https:\/\/fvpuettlingen.de\/wp-content\/uploads\/2021\/10\/DSC01523-2048x1152.jpg 2048w, https:\/\/fvpuettlingen.de\/wp-content\/uploads\/2021\/10\/DSC01523-1280x720.jpg 1280w\" sizes=\"auto, (max-width: 1024px) 100vw, 1024px\" \/><\/figure>\n\n\n\n<p> <\/p>\n\n\n\n<p> <\/p>\n\n\n\n<p> <\/p>\n","protected":false},"excerpt":{"rendered":"<p>Sportanlage Unsere Sportanlage bietet 3 Spielfelder, welche regelm\u00e4\u00dfig durch unseren Platzwart und Helfer gewartet und&#8230;<\/p>\n","protected":false},"author":2,"featured_media":0,"parent":0,"menu_order":0,"comment_status":"closed","ping_status":"closed","template":"templates\/fullwidth.php","meta":{"ngg_post_thumbnail":0,"footnotes":""},"class_list":["post-335","page","type-page","status-publish","hentry"],"_links":{"self":[{"href":"https:\/\/fvpuettlingen.de\/index.php?rest_route=\/wp\/v2\/pages\/335","targetHints":{"allow":["GET"]}}],"collection":[{"href":"https:\/\/fvpuettlingen.de\/index.php?rest_route=\/wp\/v2\/pages"}],"about":[{"href":"https:\/\/fvpuettlingen.de\/index.php?rest_route=\/wp\/v2\/types\/page"}],"author":[{"embeddable":true,"href":"https:\/\/fvpuettlingen.de\/index.php?rest_route=\/wp\/v2\/users\/2"}],"replies":[{"embeddable":true,"href":"https:\/\/fvpuettlingen.de\/index.php?rest_route=%2Fwp%2Fv2%2Fcomments&post=335"}],"version-history":[{"count":2,"href":"https:\/\/fvpuettlingen.de\/index.php?rest_route=\/wp\/v2\/pages\/335\/revisions"}],"predecessor-version":[{"id":355,"href":"https:\/\/fvpuettlingen.de\/index.php?rest_route=\/wp\/v2\/pages\/335\/revisions\/355"}],"wp:attachment":[{"href":"https:\/\/fvpuettlingen.de\/index.php?rest_route=%2Fwp%2Fv2%2Fmedia&parent=335"}],"curies":[{"name":"wp","href":"https:\/\/api.w.org\/{rel}","templated":true}]}}